{"id":341,"date":"2017-02-21T21:49:30","date_gmt":"2017-02-21T20:49:30","guid":{"rendered":"https:\/\/wptest.flores-arloff.de\/?page_id=341"},"modified":"2018-05-29T12:25:59","modified_gmt":"2018-05-29T10:25:59","slug":"deko-beratung","status":"publish","type":"page","link":"https:\/\/www.flores-arloff.de\/?page_id=341","title":{"rendered":"Deko-Anfrage"},"content":{"rendered":"<div class=\"wpb-content-wrapper\"><p>[vc_row][vc_column width=&#8220;1\/6&#8243;][\/vc_column][vc_column width=&#8220;2\/3&#8243;][vc_column_text]<\/p>\n<h1 style=\"text-align: left;\">Unsere Blumen machen Ihre Feier zum Fest<\/h1>\n<p>[\/vc_column_text][\/vc_column][vc_column width=&#8220;1\/6&#8243;][\/vc_column][\/vc_row][vc_row][vc_column][vc_empty_space][\/vc_column][\/vc_row][vc_row][vc_column][vc_single_image image=&#8220;721&#8243; img_size=&#8220;full&#8220; alignment=&#8220;center&#8220; style=&#8220;vc_box_shadow_border&#8220;][\/vc_column][\/vc_row][vc_row][vc_column][vc_empty_space][\/vc_column][\/vc_row][vc_row][vc_column width=&#8220;1\/2&#8243;][vc_column_text]<\/p>\n<h2>Hochzeit? Wir gestalten Brauttr\u00e4ume und mehr<\/h2>\n<p>Schon mal einen Film ohne Musik geschaut? Das ist wie eine Veranstaltung\u00a0ohne Blumen. Daher helfen wir gerne dabei, ihre Hochzeit, ihren Geburtstag oder ihr Firmenevent mit kreativen Deko-Ideen zu einem besonderen Fest werden zu lassen. Wir haben inzwischen 18 Jahre Erfahrung in der Event-Floristik. Vom Brautstrau\u00df \u00fcber die Tischdekoration bis hin zum Autoschmuck k\u00f6nnen wir alles ganz nach ihren W\u00fcnschen gestalten. Der Fantasie sind (fast) keine Grenzen gesetzt.<\/p>\n<h2>Beratung f\u00fcr Ihre individuellen W\u00fcnsche<\/h2>\n<p>Um die Blumen-Dekoration f\u00fcr ihre Hochzeit, ihren Geburtstag oder ihr Firmenevent ganz individuell auf Ihre W\u00fcnsche abzustimmen, nehmen wir uns gerne Zeit f\u00fcr ein ausf\u00fchrliches Beratungsgespr\u00e4ch. Anschlie\u00dfend k\u00f6nnen wir Ihnen dann ein ma\u00dfgeschneidertes Angebot unterbreiten.<\/p>\n<p>Um ein Beratungsgespr\u00e4ch zu vereinbaren, k\u00f6nnen Sie gerne das Formular ausf\u00fcllen. Oder Sie rufen einfach an [qodef_icon icon_pack=&#8220;font_elegant&#8220; fe_icon=&#8220;icon_phone&#8220; size=&#8220;qodef-icon-tiny&#8220; custom_size=&#8220;&#8220; type=&#8220;normal&#8220; border_radius=&#8220;&#8220; shape_size=&#8220;&#8220; icon_color=&#8220;&#8220; border_color=&#8220;&#8220; border_width=&#8220;&#8220; background_color=&#8220;&#8220; hover_icon_color=&#8220;&#8220; hover_border_color=&#8220;&#8220; hover_background_color=&#8220;&#8220; margin=&#8220;&#8220; icon_animation=&#8220;icon_animation&#8220; icon_animation_delay=&#8220;&#8220; link=&#8220;&#8220; anchor_icon=&#8220;&#8220; target=&#8220;_self&#8220;]02253 930 950.[\/vc_column_text][vc_empty_space][\/vc_column][vc_column width=&#8220;1\/2&#8243;]\n<div class=\"wpcf7 no-js\" id=\"wpcf7-f350-o1\" lang=\"de-DE\" dir=\"ltr\" data-wpcf7-id=\"350\">\n<div class=\"screen-reader-response\"><p role=\"status\" aria-live=\"polite\" aria-atomic=\"true\"><\/p> <ul><\/ul><\/div>\n<form action=\"\/index.php?rest_route=%2Fwp%2Fv2%2Fpages%2F341#wpcf7-f350-o1\" method=\"post\" class=\"wpcf7-form init\" aria-label=\"Kontaktformular\" novalidate=\"novalidate\" data-status=\"init\">\n<div style=\"display: none;\">\n<input type=\"hidden\" name=\"_wpcf7\" value=\"350\" \/>\n<input type=\"hidden\" name=\"_wpcf7_version\" value=\"6.0.6\" \/>\n<input type=\"hidden\" name=\"_wpcf7_locale\" value=\"de_DE_formal\" \/>\n<input type=\"hidden\" name=\"_wpcf7_unit_tag\" value=\"wpcf7-f350-o1\" \/>\n<input type=\"hidden\" name=\"_wpcf7_container_post\" value=\"0\" \/>\n<input type=\"hidden\" name=\"_wpcf7_posted_data_hash\" value=\"\" \/>\n<\/div>\n<p><label> Ihr Name (Pflichtfeld)<br \/>\n<span class=\"wpcf7-form-control-wrap\" data-name=\"your-name\"><input size=\"40\" maxlength=\"400\" class=\"wpcf7-form-control wpcf7-text wpcf7-validates-as-required\" aria-required=\"true\" aria-invalid=\"false\" value=\"\" type=\"text\" name=\"your-name\" \/><\/span> <\/label>\n<\/p>\n<p><label> Ihre E-Mail-Adresse (Pflichtfeld)<br \/>\n<span class=\"wpcf7-form-control-wrap\" data-name=\"your-email\"><input size=\"40\" maxlength=\"400\" class=\"wpcf7-form-control wpcf7-email wpcf7-validates-as-required wpcf7-text wpcf7-validates-as-email\" aria-required=\"true\" aria-invalid=\"false\" value=\"\" type=\"email\" name=\"your-email\" \/><\/span> <\/label>\n<\/p>\n<p><label> Ihre Telefonnummer<br \/>\n<span class=\"wpcf7-form-control-wrap\" data-name=\"tel-963\"><input size=\"40\" maxlength=\"400\" class=\"wpcf7-form-control wpcf7-tel wpcf7-text wpcf7-validates-as-tel\" aria-invalid=\"false\" value=\"\" type=\"tel\" name=\"tel-963\" \/><\/span> <\/label>\n<\/p>\n<p><label> Was ist der Anlass Ihrer Feier? (Pflichtfeld)<br \/>\n<span class=\"wpcf7-form-control-wrap\" data-name=\"text-anlass\"><input size=\"40\" maxlength=\"400\" class=\"wpcf7-form-control wpcf7-text wpcf7-validates-as-required\" aria-required=\"true\" aria-invalid=\"false\" value=\"\" type=\"text\" name=\"text-anlass\" \/><\/span> <\/label>\n<\/p>\n<p><label> Wann wird gefeiert? (Pflichtfeld)<br \/>\n<span class=\"wpcf7-form-control-wrap\" data-name=\"date-995\"><input class=\"wpcf7-form-control wpcf7-date wpcf7-validates-as-required wpcf7-validates-as-date\" aria-required=\"true\" aria-invalid=\"false\" value=\"\" type=\"date\" name=\"date-995\" \/><\/span> <\/label>\n<\/p>\n<p><label> Wo wird gefeiert?<br \/>\n<span class=\"wpcf7-form-control-wrap\" data-name=\"text-wo\"><input size=\"40\" maxlength=\"400\" class=\"wpcf7-form-control wpcf7-text\" aria-invalid=\"false\" value=\"\" type=\"text\" name=\"text-wo\" \/><\/span> <\/label>\n<\/p>\n<p><label> Ihre Nachricht<br \/>\n<span class=\"wpcf7-form-control-wrap\" data-name=\"your-message\"><textarea cols=\"40\" rows=\"10\" maxlength=\"2000\" class=\"wpcf7-form-control wpcf7-textarea\" aria-invalid=\"false\" name=\"your-message\"><\/textarea><\/span> <\/label>\n<\/p>\n<p>Bitte l\u00f6sen vor dem Absenden (Spam-Schutz):<br \/>\n<span class=\"wpcf7-form-control-wrap\" data-name=\"quiz-658\"><label><span class=\"wpcf7-quiz-label\">15-5=<\/span> <input size=\"40\" class=\"wpcf7-form-control wpcf7-quiz\" autocomplete=\"off\" aria-required=\"true\" aria-invalid=\"false\" type=\"text\" name=\"quiz-658\" \/><\/label><input type=\"hidden\" name=\"_wpcf7_quiz_answer_quiz-658\" value=\"f3a70e473645f895f23402dadb871ead\" \/><\/span>\n<\/p>\n<p><input class=\"wpcf7-form-control wpcf7-submit has-spinner\" type=\"submit\" value=\"Senden\" \/>\n<\/p><div class=\"wpcf7-response-output\" aria-hidden=\"true\"><\/div>\n<\/form>\n<\/div>\n\r\n\t\t\t\t<script>\r\n\t\t\t\tif ( typeof huOptions !== 'undefined' ) {\r\n\t\t\t\t\tvar huFormData = {\"source\":\"contactform7\",\"id\":350,\"title\":\"Deko-Beratung\",\"fields\":{\"subject\":{\"first_name\":\"your-name\",\"email\":\"your-email\"},\"preferences\":{\"terms\":\"your-consent\"}}};\r\n\t\t\t\t\tvar huFormNode = document.querySelector( '[id^=\"wpcf7-f350-\"] form' );\r\n\r\n\t\t\t\t\thuFormData['node'] = huFormNode;\r\n\t\t\t\t\thuOptions['forms'].push( huFormData );\r\n\t\t\t\t}\r\n\t\t\t\t<\/script>[vc_empty_space height=&#8220;16px&#8220;][vc_column_text]Durch Klick auf den Senden-Button, erkl\u00e4ren Sie sich einverstanden, dass wir Ihre Daten zur weiteren Bearbeitung speichern. Informationen zu unserem Datenschutz finden Sie in unserer\u00a0<a href=\"https:\/\/www.flores-arloff.de\/index.php\/datenschutz\/\" target=\"_blank\" rel=\"noopener\">Datenschutzerkl\u00e4rung<\/a>.[\/vc_column_text][vc_empty_space][\/vc_column][\/vc_row][vc_row][vc_column][vc_empty_space][\/vc_column][\/vc_row]<\/p>\n<\/div>","protected":false},"excerpt":{"rendered":"<p>[vc_row][vc_column width=&#8220;1\/6&#8243;][\/vc_column][vc_column width=&#8220;2\/3&#8243;][vc_column_text] Unsere Blumen machen Ihre Feier zum Fest [\/vc_column_text][\/vc_column][vc_column width=&#8220;1\/6&#8243;][\/vc_column][\/vc_row][vc_row][vc_column][vc_empty_space][\/vc_column][\/vc_row][vc_row][vc_column][vc_single_image image=&#8220;721&#8243; img_size=&#8220;full&#8220; alignment=&#8220;center&#8220; style=&#8220;vc_box_shadow_border&#8220;][\/vc_column][\/vc_row][vc_row][vc_column][vc_empty_space][\/vc_column][\/vc_row][vc_row][vc_column width=&#8220;1\/2&#8243;][vc_column_text] Hochzeit? Wir gestalten Brauttr\u00e4ume und mehr Schon mal einen Film ohne Musik geschaut? Das ist wie eine Veranstaltung\u00a0ohne Blumen. Daher helfen wir gerne dabei, ihre Hochzeit, ihren Geburtstag&#8230;<\/p>\n","protected":false},"author":2,"featured_media":0,"parent":0,"menu_order":0,"comment_status":"closed","ping_status":"closed","template":"","meta":{"inline_featured_image":false,"footnotes":""},"class_list":["post-341","page","type-page","status-publish","hentry"],"_links":{"self":[{"href":"https:\/\/www.flores-arloff.de\/index.php?rest_route=\/wp\/v2\/pages\/341"}],"collection":[{"href":"https:\/\/www.flores-arloff.de\/index.php?rest_route=\/wp\/v2\/pages"}],"about":[{"href":"https:\/\/www.flores-arloff.de\/index.php?rest_route=\/wp\/v2\/types\/page"}],"author":[{"embeddable":true,"href":"https:\/\/www.flores-arloff.de\/index.php?rest_route=\/wp\/v2\/users\/2"}],"replies":[{"embeddable":true,"href":"https:\/\/www.flores-arloff.de\/index.php?rest_route=%2Fwp%2Fv2%2Fcomments&post=341"}],"version-history":[{"count":0,"href":"https:\/\/www.flores-arloff.de\/index.php?rest_route=\/wp\/v2\/pages\/341\/revisions"}],"wp:attachment":[{"href":"https:\/\/www.flores-arloff.de\/index.php?rest_route=%2Fwp%2Fv2%2Fmedia&parent=341"}],"curies":[{"name":"wp","href":"https:\/\/api.w.org\/{rel}","templated":true}]}}