{"id":308,"date":"2017-02-21T07:17:34","date_gmt":"2017-02-21T06:17:34","guid":{"rendered":"https:\/\/wptest.flores-arloff.de\/?page_id=308"},"modified":"2022-09-26T09:20:24","modified_gmt":"2022-09-26T07:20:24","slug":"flores-arloff-kirspenich-team","status":"publish","type":"page","link":"https:\/\/www.flores-arloff.de\/?page_id=308","title":{"rendered":"Das ist Flores"},"content":{"rendered":"<div class=\"wpb-content-wrapper\"><p>[vc_row][vc_column width=&#8220;1\/6&#8243;][\/vc_column][vc_column width=&#8220;2\/3&#8243;][qodef_blockquote text=&#8220;Zur\u00fcck aus dem Urlaub. Die Entscheidung steht: Ich mache mich selbstst\u00e4ndig!&#8220; title_tag=&#8220;h2&#8243;][\/vc_column][vc_column width=&#8220;1\/6&#8243;][\/vc_column][\/vc_row][vc_row][vc_column][vc_empty_space height=&#8220;64px&#8220;][\/vc_column][\/vc_row][vc_row][vc_column][vc_text_separator title=&#8220;Die Chefin&#8220; color=&#8220;custom&#8220; el_class=&#8220;separator&#8220; accent_color=&#8220;#869a1f&#8220;][\/vc_column][\/vc_row][vc_row][vc_column][vc_empty_space][\/vc_column][\/vc_row][vc_row][vc_column css_animation=&#8220;fadeInLeft&#8220; width=&#8220;1\/4&#8243;][\/vc_column][vc_column width=&#8220;1\/2&#8243;][qodef_team team_grayscale_image=&#8220;no&#8220; team_name_tag=&#8220;h2&#8243; team_social_icon_pack=&#8220;&#8220; team_image=&#8220;3322&#8243; team_name=&#8220;Sandra&#8220; team_position=&#8220;Chefin&#8220; team_description=&#8220;Blumenstrau\u00df-Koryph\u00e4e. Hat immer recht!&#8220;][\/vc_column][vc_column width=&#8220;1\/4&#8243;][\/vc_column][\/vc_row][vc_row][vc_column][vc_empty_space height=&#8220;64px&#8220;][\/vc_column][\/vc_row][vc_row][vc_column][vc_empty_space height=&#8220;64px&#8220;][\/vc_column][\/vc_row][vc_row][vc_column][vc_text_separator title=&#8220;Flores im Campus&#8220; color=&#8220;custom&#8220; el_class=&#8220;separator&#8220; accent_color=&#8220;#869a1f&#8220;][\/vc_column][\/vc_row][vc_row][vc_column][vc_empty_space height=&#8220;64px&#8220;][\/vc_column][\/vc_row][vc_row][vc_column][vc_single_image image=&#8220;978&#8243; img_size=&#8220;full&#8220; style=&#8220;vc_box_shadow_border&#8220;][vc_empty_space][vc_single_image image=&#8220;979&#8243; img_size=&#8220;full&#8220; style=&#8220;vc_box_shadow_border&#8220;][vc_empty_space][vc_single_image image=&#8220;980&#8243; img_size=&#8220;full&#8220; style=&#8220;vc_box_shadow_border&#8220;][\/vc_column][\/vc_row][vc_row][vc_column][vc_empty_space height=&#8220;64px&#8220;][\/vc_column][\/vc_row][vc_row][vc_column][vc_text_separator title=&#8220;Die Story&#8220; color=&#8220;custom&#8220; el_class=&#8220;separator&#8220; accent_color=&#8220;#869a1f&#8220;][\/vc_column][\/vc_row][vc_row][vc_column][vc_empty_space][\/vc_column][\/vc_row][vc_row][vc_column width=&#8220;1\/2&#8243;][vc_column_text]<strong>Weihnachten\u00a01998:<\/strong>\u00a0Einfach mal gek\u00fcndigt. Ich hatte \u00a0keine Lust mehr, Adventskr\u00e4nze nach Schema F zu machen.\u00a0Ich musste da raus.<\/p>\n<p><strong>Januar 1999:<\/strong> Meine erste Rucksackreise nach Asien. Es ist fantastisch sch\u00f6n &#8211; vor allem die indonesische Insel der Blumen: Flores.<\/p>\n<p><strong>Ende Januar 1999:<\/strong> Zur\u00fcck aus dem Urlaub. Die Entscheidung steht: Ich mache mich selbstst\u00e4ndig &#8211; f\u00fcnf Jahre und dann schau ich mal weiter.<\/p>\n<p><strong>Februar 1999:<\/strong> Ein wahrer Kraftakt mit Happy-End. Mit meinem Vater und meinem Opa baue ich die ehemalige Traktor-Werkstatt in einen Blumenladen um &#8211; bis heute 20 Quadratmeter voller\u00a0M\u00e4dchen-Tr\u00e4ume.<\/p>\n<p><strong>21. M\u00e4rz 1999:<\/strong> Er\u00f6ffnung nach gut sechs Wochen Umbau. Der 20. M\u00e4rz ist Fr\u00fchlingsanfang, der 21. M\u00e4rz erscheint\u00a0mir als perfekter Sonntag f\u00fcr den Start meines Blumenladens.\u00a0Und der Name steht nach den Eindr\u00fccken der Rucksackreise sowieso schon fest: <em>Flores<\/em>.<\/p>\n<p><strong>21. M\u00e4rz 2004:<\/strong>\u00a0Die f\u00fcnf Jahre sind um. Ich mache weiter\u00a0und muss ein Lager anbauen. Es macht so\u00a0viel Spa\u00df, Eure Hochzeiten\u00a0und Feiern mitzugestalten&#8230;<\/p>\n<p><strong>21. M\u00e4rz 2009:<\/strong> Wahnsinn, schon zehn Jahre Flores. Der Familienbetrieb l\u00e4uft dank der unerm\u00fcdlichen\u00a0Hilfe\u00a0meiner Eltern und dank der Aushilfen Christel\u00a0John und sp\u00e4ter Anke Lorbach.[\/vc_column_text][\/vc_column][vc_column width=&#8220;1\/2&#8243;][vc_column_text]<strong>13. August 2012:<\/strong>\u00a0Unsere Tochter Mathilda wird geboren, ich trete etwas k\u00fcrzer. Ab Oktober steigt Cathleen als Angestellte mit in den Blumenladen ein. Mit meiner &#8222;kleinen Schwester&#8220; gibt es nochmal einen kreativen Schub: zum Beispiel f\u00fcr unsere &#8222;Rosigen Zeiten&#8220; am Muttertagswochenende\u00a0&#8211; ein Fest rund um die Rose mit blumigen Kreationen und Schmuck der Goldschmiede Palm.<\/p>\n<p><strong>21. M\u00e4rz 2014:<\/strong> Die Zeit rast. Flores wird schon 15 &#8211; ein wilder Teenager mit noch ganz vielen Ideen&#8230;<\/p>\n<p><strong>21. M\u00e4rz 2017:<\/strong>\u00a0Endlich 18 und immer noch ganz viele Ideen f\u00fcr Hochzeits-Dekorationen, f\u00fcr Str\u00e4u\u00dfe mit dem gewissen Etwas und f\u00fcr immer neue M\u00e4dchen-Tr\u00e4ume (Taschen zum Beispiel). Wir freuen uns \u00fcber Euren\u00a0Besuch.<\/p>\n<p><strong>17. M\u00e4rz 2018:<\/strong> Flores bekommt Zuwachs. Wir er\u00f6ffnen einen neuen Laden im Campus Flamersheim, der ehemaligen Lederfabrik an der Geierstra\u00dfe. Wir sind ganz aufgeregt und freuen uns \u00fcber viele Kunden bei &#8222;Flores im Campus&#8220;<\/p>\n<p><strong>17. M\u00e4rz 2019:<\/strong> Flores im Campus feiert ersten Geburtstag. Wir sind sehr gerne in Flamersheim &#8211; auch wegen der lieben Kunden.<\/p>\n<p><strong>21. M\u00e4rz 2019:<\/strong> Irre, wie die Zeit vergeht. Flores wird 20 Jahre alt. Unglaublich, dass sich meine Idee so wahnsinnig entwickelt hat. Aber ohne meine Eltern, meine Familie, meine supertollen Mitarbeiter und meine lieben Kunden w\u00e4re das alles nicht m\u00f6glich gewesen. Vielen Dank euch allen ?[\/vc_column_text][\/vc_column][\/vc_row][vc_row][vc_column][vc_empty_space height=&#8220;64&#8243;][\/vc_column][\/vc_row]<\/p>\n<\/div>","protected":false},"excerpt":{"rendered":"<p>[vc_row][vc_column width=&#8220;1\/6&#8243;][\/vc_column][vc_column width=&#8220;2\/3&#8243;][qodef_blockquote text=&#8220;Zur\u00fcck aus dem Urlaub. Die Entscheidung steht: Ich mache mich selbstst\u00e4ndig!&#8220; title_tag=&#8220;h2&#8243;][\/vc_column][vc_column width=&#8220;1\/6&#8243;][\/vc_column][\/vc_row][vc_row][vc_column][vc_empty_space height=&#8220;64px&#8220;][\/vc_column][\/vc_row][vc_row][vc_column][vc_text_separator title=&#8220;Die Chefin&#8220; color=&#8220;custom&#8220; el_class=&#8220;separator&#8220; accent_color=&#8220;#869a1f&#8220;][\/vc_column][\/vc_row][vc_row][vc_column][vc_empty_space][\/vc_column][\/vc_row][vc_row][vc_column css_animation=&#8220;fadeInLeft&#8220; width=&#8220;1\/4&#8243;][\/vc_column][vc_column width=&#8220;1\/2&#8243;][qodef_team team_grayscale_image=&#8220;no&#8220; team_name_tag=&#8220;h2&#8243; team_social_icon_pack=&#8220;&#8220; team_image=&#8220;3322&#8243; team_name=&#8220;Sandra&#8220; team_position=&#8220;Chefin&#8220; team_description=&#8220;Blumenstrau\u00df-Koryph\u00e4e. Hat immer recht!&#8220;][\/vc_column][vc_column width=&#8220;1\/4&#8243;][\/vc_column][\/vc_row][vc_row][vc_column][vc_empty_space height=&#8220;64px&#8220;][\/vc_column][\/vc_row][vc_row][vc_column][vc_empty_space height=&#8220;64px&#8220;][\/vc_column][\/vc_row][vc_row][vc_column][vc_text_separator title=&#8220;Flores im Campus&#8220; color=&#8220;custom&#8220; el_class=&#8220;separator&#8220; accent_color=&#8220;#869a1f&#8220;][\/vc_column][\/vc_row][vc_row][vc_column][vc_empty_space height=&#8220;64px&#8220;][\/vc_column][\/vc_row][vc_row][vc_column][vc_single_image&#8230;<\/p>\n","protected":false},"author":2,"featured_media":0,"parent":0,"menu_order":0,"comment_status":"closed","ping_status":"closed","template":"","meta":{"inline_featured_image":false,"footnotes":""},"class_list":["post-308","page","type-page","status-publish","hentry"],"_links":{"self":[{"href":"https:\/\/www.flores-arloff.de\/index.php?rest_route=\/wp\/v2\/pages\/308"}],"collection":[{"href":"https:\/\/www.flores-arloff.de\/index.php?rest_route=\/wp\/v2\/pages"}],"about":[{"href":"https:\/\/www.flores-arloff.de\/index.php?rest_route=\/wp\/v2\/types\/page"}],"author":[{"embeddable":true,"href":"https:\/\/www.flores-arloff.de\/index.php?rest_route=\/wp\/v2\/users\/2"}],"replies":[{"embeddable":true,"href":"https:\/\/www.flores-arloff.de\/index.php?rest_route=%2Fwp%2Fv2%2Fcomments&post=308"}],"version-history":[{"count":6,"href":"https:\/\/www.flores-arloff.de\/index.php?rest_route=\/wp\/v2\/pages\/308\/revisions"}],"predecessor-version":[{"id":3324,"href":"https:\/\/www.flores-arloff.de\/index.php?rest_route=\/wp\/v2\/pages\/308\/revisions\/3324"}],"wp:attachment":[{"href":"https:\/\/www.flores-arloff.de\/index.php?rest_route=%2Fwp%2Fv2%2Fmedia&parent=308"}],"curies":[{"name":"wp","href":"https:\/\/api.w.org\/{rel}","templated":true}]}}

<div class="wpb-content-wrapper"><p>[vc_row][vc_column width=&#8220;1/6&#8243;][/vc_column][vc_column width=&#8220;2/3&#8243;][qodef_blockquote text=&#8220;Zurück aus dem Urlaub. Die Entscheidung steht: Ich mache mich selbstständig!&#8220; title_tag=&#8220;h2&#8243;][/vc_column][vc_column width=&#8220;1/6&#8243;][/vc_column][/vc_row][vc_row][vc_column][vc_empty_space height=&#8220;64px&#8220;][/vc_column][/vc_row][vc_row][vc_column][vc_text_separator title=&#8220;Die Chefin&#8220; color=&#8220;custom&#8220; el_class=&#8220;separator&#8220; accent_color=&#8220;#869a1f&#8220;][/vc_column][/vc_row][vc_row][vc_column][vc_empty_space][/vc_column][/vc_row][vc_row][vc_column css_animation=&#8220;fadeInLeft&#8220; width=&#8220;1/4&#8243;][/vc_column][vc_column width=&#8220;1/2&#8243;][qodef_team team_grayscale_image=&#8220;no&#8220; team_name_tag=&#8220;h2&#8243; team_social_icon_pack=&#8220;&#8220; team_image=&#8220;3322&#8243; team_name=&#8220;Sandra&#8220; team_position=&#8220;Chefin&#8220; team_description=&#8220;Blumenstrauß-Koryphäe. Hat immer recht!&#8220;][/vc_column][vc_column width=&#8220;1/4&#8243;][/vc_column][/vc_row][vc_row][vc_column][vc_empty_space height=&#8220;64px&#8220;][/vc_column][/vc_row][vc_row][vc_column][vc_empty_space height=&#8220;64px&#8220;][/vc_column][/vc_row][vc_row][vc_column][vc_text_separator title=&#8220;Flores im Campus&#8220; color=&#8220;custom&#8220; el_class=&#8220;separator&#8220; accent_color=&#8220;#869a1f&#8220;][/vc_column][/vc_row][vc_row][vc_column][vc_empty_space height=&#8220;64px&#8220;][/vc_column][/vc_row][vc_row][vc_column][vc_single_image image=&#8220;978&#8243; img_size=&#8220;full&#8220; style=&#8220;vc_box_shadow_border&#8220;][vc_empty_space][vc_single_image image=&#8220;979&#8243; img_size=&#8220;full&#8220; style=&#8220;vc_box_shadow_border&#8220;][vc_empty_space][vc_single_image image=&#8220;980&#8243; img_size=&#8220;full&#8220; style=&#8220;vc_box_shadow_border&#8220;][/vc_column][/vc_row][vc_row][vc_column][vc_empty_space height=&#8220;64px&#8220;][/vc_column][/vc_row][vc_row][vc_column][vc_text_separator title=&#8220;Die Story&#8220; color=&#8220;custom&#8220; el_class=&#8220;separator&#8220; accent_color=&#8220;#869a1f&#8220;][/vc_column][/vc_row][vc_row][vc_column][vc_empty_space][/vc_column][/vc_row][vc_row][vc_column width=&#8220;1/2&#8243;][vc_column_text]<strong>Weihnachten 1998:</strong> Einfach mal gekündigt. Ich hatte  keine Lust mehr, Adventskränze nach Schema F zu machen. Ich musste da raus.</p>
<p><strong>Januar 1999:</strong> Meine erste Rucksackreise nach Asien. Es ist fantastisch schön &#8211; vor allem die indonesische Insel der Blumen: Flores.</p>
<p><strong>Ende Januar 1999:</strong> Zurück aus dem Urlaub. Die Entscheidung steht: Ich mache mich selbstständig &#8211; fünf Jahre und dann schau ich mal weiter.</p>
<p><strong>Februar 1999:</strong> Ein wahrer Kraftakt mit Happy-End. Mit meinem Vater und meinem Opa baue ich die ehemalige Traktor-Werkstatt in einen Blumenladen um &#8211; bis heute 20 Quadratmeter voller Mädchen-Träume.</p>
<p><strong>21. März 1999:</strong> Eröffnung nach gut sechs Wochen Umbau. Der 20. März ist Frühlingsanfang, der 21. März erscheint mir als perfekter Sonntag für den Start meines Blumenladens. Und der Name steht nach den Eindrücken der Rucksackreise sowieso schon fest: <em>Flores</em>.</p>
<p><strong>21. März 2004:</strong> Die fünf Jahre sind um. Ich mache weiter und muss ein Lager anbauen. Es macht so viel Spaß, Eure Hochzeiten und Feiern mitzugestalten&#8230;</p>
<p><strong>21. März 2009:</strong> Wahnsinn, schon zehn Jahre Flores. Der Familienbetrieb läuft dank der unermüdlichen Hilfe meiner Eltern und dank der Aushilfen Christel John und später Anke Lorbach.[/vc_column_text][/vc_column][vc_column width=&#8220;1/2&#8243;][vc_column_text]<strong>13. August 2012:</strong> Unsere Tochter Mathilda wird geboren, ich trete etwas kürzer. Ab Oktober steigt Cathleen als Angestellte mit in den Blumenladen ein. Mit meiner &#8222;kleinen Schwester&#8220; gibt es nochmal einen kreativen Schub: zum Beispiel für unsere &#8222;Rosigen Zeiten&#8220; am Muttertagswochenende &#8211; ein Fest rund um die Rose mit blumigen Kreationen und Schmuck der Goldschmiede Palm.</p>
<p><strong>21. März 2014:</strong> Die Zeit rast. Flores wird schon 15 &#8211; ein wilder Teenager mit noch ganz vielen Ideen&#8230;</p>
<p><strong>21. März 2017:</strong> Endlich 18 und immer noch ganz viele Ideen für Hochzeits-Dekorationen, für Sträuße mit dem gewissen Etwas und für immer neue Mädchen-Träume (Taschen zum Beispiel). Wir freuen uns über Euren Besuch.</p>
<p><strong>17. März 2018:</strong> Flores bekommt Zuwachs. Wir eröffnen einen neuen Laden im Campus Flamersheim, der ehemaligen Lederfabrik an der Geierstraße. Wir sind ganz aufgeregt und freuen uns über viele Kunden bei &#8222;Flores im Campus&#8220;</p>
<p><strong>17. März 2019:</strong> Flores im Campus feiert ersten Geburtstag. Wir sind sehr gerne in Flamersheim &#8211; auch wegen der lieben Kunden.</p>
<p><strong>21. März 2019:</strong> Irre, wie die Zeit vergeht. Flores wird 20 Jahre alt. Unglaublich, dass sich meine Idee so wahnsinnig entwickelt hat. Aber ohne meine Eltern, meine Familie, meine supertollen Mitarbeiter und meine lieben Kunden wäre das alles nicht möglich gewesen. Vielen Dank euch allen ?[/vc_column_text][/vc_column][/vc_row][vc_row][vc_column][vc_empty_space height=&#8220;64&#8243;][/vc_column][/vc_row]</p>
</div>

<p>[vc_row][vc_column width=&#8220;1/6&#8243;][/vc_column][vc_column width=&#8220;2/3&#8243;][qodef_blockquote text=&#8220;Zurück aus dem Urlaub. Die Entscheidung steht: Ich mache mich selbstständig!&#8220; title_tag=&#8220;h2&#8243;][/vc_column][vc_column width=&#8220;1/6&#8243;][/vc_column][/vc_row][vc_row][vc_column][vc_empty_space height=&#8220;64px&#8220;][/vc_column][/vc_row][vc_row][vc_column][vc_text_separator title=&#8220;Die Chefin&#8220; color=&#8220;custom&#8220; el_class=&#8220;separator&#8220; accent_color=&#8220;#869a1f&#8220;][/vc_column][/vc_row][vc_row][vc_column][vc_empty_space][/vc_column][/vc_row][vc_row][vc_column css_animation=&#8220;fadeInLeft&#8220; width=&#8220;1/4&#8243;][/vc_column][vc_column width=&#8220;1/2&#8243;][qodef_team team_grayscale_image=&#8220;no&#8220; team_name_tag=&#8220;h2&#8243; team_social_icon_pack=&#8220;&#8220; team_image=&#8220;3322&#8243; team_name=&#8220;Sandra&#8220; team_position=&#8220;Chefin&#8220; team_description=&#8220;Blumenstrauß-Koryphäe. Hat immer recht!&#8220;][/vc_column][vc_column width=&#8220;1/4&#8243;][/vc_column][/vc_row][vc_row][vc_column][vc_empty_space height=&#8220;64px&#8220;][/vc_column][/vc_row][vc_row][vc_column][vc_empty_space height=&#8220;64px&#8220;][/vc_column][/vc_row][vc_row][vc_column][vc_text_separator title=&#8220;Flores im Campus&#8220; color=&#8220;custom&#8220; el_class=&#8220;separator&#8220; accent_color=&#8220;#869a1f&#8220;][/vc_column][/vc_row][vc_row][vc_column][vc_empty_space height=&#8220;64px&#8220;][/vc_column][/vc_row][vc_row][vc_column][vc_single_image&#8230;</p>
